when 62366 is divided by 469.
458
What is the remainder when 107880 is divided by 35956?
12
What is the remainder when 267549 is divided by 352?
29
What is the remainder when 733352 is divided by 47?
11
Calculate the remainder when 38868 is divided by 12956.
0
What is the remainder when 223931 is divided by 142?
139
Calculate the remainder when 2453 is divided by 522.
365
Calculate the remainder when 27777 is divided by 177.
165
Calculate the remainder when 44471 is divided by 696.
623
Calculate the remainder when 16413 is divided by 681.
69
What is the remainder when 1744 is divided by 844?
56
Calculate the remainder when 7716 is divided by 1543.
1
What is the remainder when 236908 is divided by 118446?
16
What is the remainder when 23636 is divided by 301?
158
Calculate the remainder when 2534 is divided by 237.
164
Calculate the remainder when 10022 is divided by 1903.
507
What is the remainder when 3405 is divided by 50?
5
Calculate the remainder when 489640 is divided by 3574.
2
What is the remainder when 8936 is divided by 2510?
1406
Calculate the remainder when 141990 is divided by 47315.
45
Calculate the remainder when 846818 is divided by 13.
11
What is the remainder when 148363 is divided by 989?
13
What is the remainder when 908 is divided by 23?
11
What is the remainder when 50784 is divided by 170?
124
Calculate the remainder when 4644818 is divided by 543.
539
What is the remainder when 9894 is divided by 1646?
18
Calculate the remainder when 6421 is divided by 578.
63
What is the remainder when 17731 is divided by 3394?
761
What is the remainder when 5565 is divided by 138?
45
What is the remainder when 32832 is divided by 3?
0
Calculate the remainder when 17390 is divided by 828.
2
Calculate the remainder when 240134 is divided by 174.
14
What is the remainder when 93104 is divided by 950?
4
What is the remainder when 71009 is divided by 263?
262
Calculate the remainder when 528008 is divided by 175997.
17
Calculate the remainder when 13908673 is divided by 164.
161
Calculate the remainder when 378959 is divided by 8.
7
Calculate the remainder when 8440 is divided by 96.
88
What is the remainder when 45849 is divided by 22?
1
What is the remainder when 5256 is divided by 5242?
14
Calculate the remainder when 7613 is divided by 3706.
201
Calculate the remainder when 155990 is divided by 163.
162
What is the remainder when 6914 is divided by 549?
326
What is the remainder when 1000 is divided by 630?
370
What is the remainder when 58757 is divided by 42?
41
Calculate the remainder when 3499 is divided by 3272.
227
What is the remainder when 53635 is divided by 246?
7
What is the remainder when 7360 is divided by 141?
28
Calculate the remainder when 3488 is divided by 958.
614
Calculate the remainder when 104168 is divided by 3719.
36
What is the remainder when 94528 is divided by 156?
148
What is the remainder when 87097 is divided by 130?
127
Calculate the remainder when 141904 is divided by 101.
100
Calculate the remainder when 593579 is divided by 73.
16
Calculate the remainder when 1106 is divided by 988.
118
What is the remainder when 17093 is divided by 33?
32
What is the remainder when 2795 is divided by 865?
200
Calculate the remainder when 1159854 is divided by 20.
14
Calculate the remainder when 269 is divided by 5.
4
Calculate the remainder when 122071 is divided by 358.
351
Calculate the remainder when 19473 is divided by 845.
38
What is the remainder when 126 is divided by 114?
12
What is the remainder when 7054 is divided by 28?
26
Calculate the remainder when 122842 is divided by 2729.
37
Calculate the remainder when 14836 is divided by 2966.
6
Calculate the remainder when 8929 is divided by 971.
190
Calculate the remainder when 20558 is divided by 119.
90
What is the remainder when 463271 is divided by 8?
7
Calculate the remainder when 2246 is divided by 1471.
775
What is the remainder when 15134 is divided by 38?
10
What is the remainder when 545364 is divided by 49578?
6
What is the remainder when 2936 is divided by 28?
24
Calculate the remainder when 1673 is divided by 311.
118
What is the remainder when 3265 is divided by 1230?
805
What is the remainder when 4206 is divided by 50?
6
What is the remainder when 14882 is divided by 244?
242
Calculate the remainder when 803301 is divided by 31.
29
Calculate the remainder when 1486 is divided by 425.
211
Calculate the remainder when 11528 is divided by 5753.
22
Calculate the remainder when 31647 is divided by 10481.
204
What is the remainder when 149870 is divided by 961?
915
Calculate the remainder when 30369 is divided by 1168.
1
What is the remainder when 3690 is divided by 509?
127
Calculate the remainder when 7533 is divided by 7218.
315
Calculate the remainder when 2494541 is divided by 1072.
1069
What is the remainder when 16862 is divided by 219?
218
What is the remainder when 259623 is divided by 1766?
21
What is the remainder when 344585 is divided by 36?
29
Calculate the remainder when 4581 is divided by 1144.
5
What is the remainder when 3550 is divided by 686?
120
Calculate the remainder when 18816 is divided by 9269.
278
Calculate the remainder when 817 is divided by 8.
1
Calculate the remainder when 5533 is divided by 685.
53
What is the remainder when 5043 is divided by 48?
3
Calculate the remainder when 148347 is divided by 1009.
24
Calculate the remainder when 2231444 is divided by 6.
2
Calculate the remainder when 162239 is divided by 52.
51
Calculate the remainder when 8721 is divided by 349.
345
What is the remainder when 412191 is divided by 58?
43
Calculate the remainder when 540977 is divided by 55.
52
What is the remainder when 8122 is divided by 1520?
522
Calculate the remainder when 10095 is divided by 85.
65
Calculate the remainder when 9839 is divided by 41.
40
What is the remainder when 1481831 is divided by 9?
8
What is the remainder when 103485 is divided by 224?
221
Calculate the remainder when 8728 is divided by 4360.
8
What is the remainder when 1616972 is divided by 107798?
2
What is the remainder when 1339238 is divided by 35?
33
Calculate the remainder when 146386 is divided by 48722.
220
Calculate the remainder when 2013 is divided by 12.
9
Calculate the remainder when 2997 is divided by 2941.
56
Calculate the remainder when 126869 is divided by 203.
197
Calculate the remainder when 492 is divided by 221.
50
Calculate the remainder when 266711 is divided by 154.
137
Calculate the remainder when 2372 is divided by 52.
32
What is the remainder when 25079 is divided by 190?
189
Calculate the remainder when 15684 is divided by 561.
537
What is the remainder when 74788 is divided by 2675?
2563
Calculate the remainder when 1387742 is divided by 350.
342
What is the remainder when 58057 is divided by 29?
28
What is the remainder when 15860 is divided by 7724?
412
What is the remainder when 4216 is divided by 39?
4
Calculate the remainder when 3017 is divided by 997.
26
Calculate the remainder when 10025 is divided by 1159.
753
Calculate the remainder when 574454 is divided by 3122.
6
What is the remainder when 11282 is divided by 26?
24
What is the remainder when 6784 is divided by 9?
7
What is the remainder when 275819 is divided by 8111?
45
Calculate the remainder when 111598 is divided by 351.
331
Calculate the remainder when 1161 is divided by 226.
31
What is the remainder when 17042 is divided by 254?
24
What is the remainder when 93336 is divided by 413?
411
Calculate the remainder when 15383 is divided by 70.
53
Calculate the remainder when 11480 is divided by 475.
80
Calculate the remainder when 166825 is divided by 1135.
1115
Calculate the remainder when 20127 is divided by 603.
228
Calculate the remainder when 2012 is divided by 114.
74
Calculate the remainder when 48400 is divided by 171.
7
Calculate the remainder when 66874 is divided by 152.
146
What is the remainder when 323636 is divided by 90?
86
Calculate the remainder when 118791 is divided by 88.
79
Calculate the remainder when 24225 is divided by 404.
389
What is the remainder when 2938 is divided by 2903?
35
Calculate the remainder when 3395 is divided by 248.
171
What is the remainder when 1937 is divided by 443?
165
What is the remainder when 6887 is divid